{"id":221,"date":"2021-12-12T15:56:46","date_gmt":"2021-12-12T14:56:46","guid":{"rendered":"https:\/\/shop.hoplitekeymanager.com\/?post_type=product&#038;p=221"},"modified":"2026-02-01T18:21:13","modified_gmt":"2026-02-01T17:21:13","slug":"hoplite-key-manager-solo-b-stock","status":"publish","type":"product","link":"https:\/\/shop.hoplitekeymanager.com\/index.php\/product\/hoplite-key-manager-solo-b-stock\/","title":{"rendered":"Hoplite Key Manager &#8211; Solo (Stock B)"},"content":{"rendered":"<p><span style=\"color: #800000;\"><strong>Un appareil \u00ab\u00a0stock B\u00a0\u00bb est parfaitement fonctionnel et fiable, il pr\u00e9sente seulement de minuscules d\u00e9fauts visuels sur le bo\u00eetier m\u00e9tallique.<\/strong><\/span><\/p>\n<p>Ce pack contient :<\/p>\n<ul>\n<li>1 Hoplite stock B<\/li>\n<li>1 pochon<\/li>\n<li>1 c\u00e2ble USB-A vers USB-C<\/li>\n<li>1 guide de d\u00e9marrage rapide<\/li>\n<\/ul>\n<hr \/>\n<h3 class=\"western\"><strong>Utilisation de votre Hoplite<\/strong><\/h3>\n<ol>\n<li>T\u00e9l\u00e9chargez l&rsquo;application gratuite qui permet d&rsquo;acc\u00e9der \u00e0 votre Hoplite <a href=\"https:\/\/hoplitekeymanager.com\/index.php?page=download\">depuis le site officiel<\/a>.<em><br \/>\n<\/em><\/li>\n<li>Suivez le guide de d\u00e9marrage rapide pour <a href=\"https:\/\/hoplitekeymanager.com\/index.php?page=gettingstarted\">commencer \u00e0 utiliser votre Hoplite<\/a>.<\/li>\n<\/ol>\n<hr \/>\n<h3 class=\"western\"><strong><img loading=\"lazy\" decoding=\"async\" class=\"alignleft\" src=\"https:\/\/www.theaudioaddict.fr\/img\/cms\/DRAPE%CC%88UAX.jpg\" alt=\"DRAPEAUX FRANCAIS\" width=\"44\" height=\"28\" align=\"bottom\" border=\"0\" \/><\/strong>Con\u00e7u, d\u00e9velopp\u00e9 et fabriqu\u00e9 en France<\/h3>\n","protected":false},"excerpt":{"rendered":"<p>Un appareil \u00ab\u00a0stock B\u00a0\u00bb est parfaitement fonctionnel et fiable, il pr\u00e9sente seulement de minuscules d\u00e9fauts visuels sur le bo\u00eetier m\u00e9tallique. Ce pack contient : 1 Hoplite stock B 1 pochon 1 c\u00e2ble USB-A vers USB-C 1 guide de d\u00e9marrage rapide Utilisation de votre Hoplite T\u00e9l\u00e9chargez l&rsquo;application gratuite qui permet d&rsquo;acc\u00e9der \u00e0 votre Hoplite depuis le [&hellip;]<\/p>\n","protected":false},"featured_media":130,"template":"","meta":[],"product_brand":[],"product_cat":[19],"product_tag":[],"class_list":{"0":"post-221","1":"product","2":"type-product","3":"status-publish","4":"has-post-thumbnail","6":"product_cat-hoplite-key-manager","8":"first","9":"instock","10":"taxable","11":"shipping-taxable","12":"purchasable","13":"product-type-simple"},"_links":{"self":[{"href":"https:\/\/shop.hoplitekeymanager.com\/index.php\/wp-json\/wp\/v2\/product\/221","targetHints":{"allow":["GET"]}}],"collection":[{"href":"https:\/\/shop.hoplitekeymanager.com\/index.php\/wp-json\/wp\/v2\/product"}],"about":[{"href":"https:\/\/shop.hoplitekeymanager.com\/index.php\/wp-json\/wp\/v2\/types\/product"}],"wp:featuredmedia":[{"embeddable":true,"href":"https:\/\/shop.hoplitekeymanager.com\/index.php\/wp-json\/wp\/v2\/media\/130"}],"wp:attachment":[{"href":"https:\/\/shop.hoplitekeymanager.com\/index.php\/wp-json\/wp\/v2\/media?parent=221"}],"wp:term":[{"taxonomy":"product_brand","embeddable":true,"href":"https:\/\/shop.hoplitekeymanager.com\/index.php\/wp-json\/wp\/v2\/product_brand?post=221"},{"taxonomy":"product_cat","embeddable":true,"href":"https:\/\/shop.hoplitekeymanager.com\/index.php\/wp-json\/wp\/v2\/product_cat?post=221"},{"taxonomy":"product_tag","embeddable":true,"href":"https:\/\/shop.hoplitekeymanager.com\/index.php\/wp-json\/wp\/v2\/product_tag?post=221"}],"curies":[{"name":"wp","href":"https:\/\/api.w.org\/{rel}","templated":true}]}}